{"id":16,"date":"2019-07-17T20:43:32","date_gmt":"2019-07-17T20:43:32","guid":{"rendered":"http:\/\/milpatca.mywhc.ca\/?page_id=16"},"modified":"2026-04-03T10:07:00","modified_gmt":"2026-04-03T14:07:00","slug":"activites","status":"publish","type":"page","link":"https:\/\/www.milpat.ca\/?page_id=16","title":{"rendered":"Activit\u00e9s"},"content":{"rendered":"\n<p>Consultez notre <a href=\"https:\/\/www.milpat.ca\/?page_id=44\" data-type=\"URL\" data-id=\"https:\/\/www.milpat.ca\/?page_id=44\" target=\"_blank\" rel=\"noreferrer noopener\">calendrier<\/a> pour voir en d\u00e9tail les dates de nos entrainements et de nos activit\u00e9s.<\/p>\n\n\n\n<h2 class=\"wp-block-heading\" id=\"a-shawinigan\">\u00c0 Shawinigan<\/h2>\n\n\n\n<p>Des entra\u00eenements sont organis\u00e9s deux fois par semaine avec Michel St-Pierre \u00e0 tous les <strong>lundis et jeudis<\/strong> de <strong>18h30 \u00e0 20h00<\/strong>. <\/p>\n\n\n\n<p>En \u00e9t\u00e9 ces entrainements se d\u00e9roulent sur la piste cyclable du Centre Gervais Autos.<\/p>\n\n\n\n<p>En hiver ces entrainements se d\u00e9roulent \u00e0 l&rsquo;int\u00e9rieur du  Centre Gervais Autos. <\/p>\n\n\n\n<p class=\"has-black-color has-text-color\"><\/p>\n\n\n\n<p class=\"has-vivid-red-color has-text-color\"><\/p>\n\n\n\n<h2 class=\"wp-block-heading\" id=\"a-trois-rivieres\">\u00c0 Trois-Rivi\u00e8res<\/h2>\n\n\n\n<p>Des entra\u00eenements seront organis\u00e9s une fois par semaine \u00e0 Trois-Rivi\u00e8res au parc Pie XXII cet \u00e9t\u00e9 sous la supervision de Yvon Fiset ma\u00eetre entraineur les lundis \u00e0 du 4 mai au 29 juin.<em> <\/em>Date \u00e0 confirmer pour septembre.<\/p>\n\n\n\n<p>Des Randonn\u00e9es d&rsquo;hiver ont lieu tous les <strong>dimanches<\/strong> \u00e0 <strong>9h30<\/strong> du 19 octobre au 19 avril 2026. Lieu de rencontre sur le stationnement du Pavillon des Humanit\u00e9s, \u00e0 Trois-Rivi\u00e8res, pour des circuits de 3, 5, et 10km.<\/p>\n\n\n\n<p>Toutes les personnes qui aiment courir avec un esprit de d\u00e9tente sont les bienvenues. Que vous soyez d\u00e9butants ou exp\u00e9riment\u00e9s vous \u00eates invit\u00e9s \u00e0 participer \u00e0 ces randonn\u00e9es.<\/p>\n\n\n\n<p>Les randonn\u00e9es sont effectu\u00e9es en petits groupes permettant ainsi aux coureurs d\u00e9butants, interm\u00e9diaires ou exp\u00e9riment\u00e9s de se regrouper avec des personnes ayant le m\u00eame rythme qu&rsquo;eux.<\/p>\n\n\n\n<p><\/p>\n\n\n\n<p><\/p>\n\n\n\n<p><\/p>\n\n\n\n<p><\/p>\n","protected":false},"excerpt":{"rendered":"<div class=\"mh-excerpt\">Consultez notre calendrier pour voir en d\u00e9tail les dates de nos entrainements et de nos activit\u00e9s. \u00c0 Shawinigan Des entra\u00eenements sont organis\u00e9s deux fois par <a class=\"mh-excerpt-more\" href=\"https:\/\/www.milpat.ca\/?page_id=16\" title=\"Activit\u00e9s\">[&#8230;]<\/a><\/div>\n","protected":false},"author":1,"featured_media":234,"parent":0,"menu_order":0,"comment_status":"closed","ping_status":"closed","template":"","meta":{"pagelayer_contact_templates":[],"_pagelayer_content":"","pmpro_default_level":"","footnotes":""},"class_list":["post-16","page","type-page","status-publish","has-post-thumbnail","hentry","pmpro-has-access"],"_links":{"self":[{"href":"https:\/\/www.milpat.ca\/index.php?rest_route=\/wp\/v2\/pages\/16","targetHints":{"allow":["GET"]}}],"collection":[{"href":"https:\/\/www.milpat.ca\/index.php?rest_route=\/wp\/v2\/pages"}],"about":[{"href":"https:\/\/www.milpat.ca\/index.php?rest_route=\/wp\/v2\/types\/page"}],"author":[{"embeddable":true,"href":"https:\/\/www.milpat.ca\/index.php?rest_route=\/wp\/v2\/users\/1"}],"replies":[{"embeddable":true,"href":"https:\/\/www.milpat.ca\/index.php?rest_route=%2Fwp%2Fv2%2Fcomments&post=16"}],"version-history":[{"count":6,"href":"https:\/\/www.milpat.ca\/index.php?rest_route=\/wp\/v2\/pages\/16\/revisions"}],"predecessor-version":[{"id":8292,"href":"https:\/\/www.milpat.ca\/index.php?rest_route=\/wp\/v2\/pages\/16\/revisions\/8292"}],"wp:featuredmedia":[{"embeddable":true,"href":"https:\/\/www.milpat.ca\/index.php?rest_route=\/wp\/v2\/media\/234"}],"wp:attachment":[{"href":"https:\/\/www.milpat.ca\/index.php?rest_route=%2Fwp%2Fv2%2Fmedia&parent=16"}],"curies":[{"name":"wp","href":"https:\/\/api.w.org\/{rel}","templated":true}]}}

Activités

<p>Consultez notre <a href="https://www.milpat.ca/?page_id=44" data-type="URL" data-id="https://www.milpat.ca/?page_id=44" target="_blank" rel="noreferrer noopener">calendrier</a> pour voir en détail les dates de nos entrainements et de nos activités.</p>



<h2 class="wp-block-heading" id="a-shawinigan">À Shawinigan</h2>



<p>Des entraînements sont organisés deux fois par semaine avec Michel St-Pierre à tous les <strong>lundis et jeudis</strong> de <strong>18h30 à 20h00</strong>. </p>



<p>En été ces entrainements se déroulent sur la piste cyclable du Centre Gervais Autos.</p>



<p>En hiver ces entrainements se déroulent à l&rsquo;intérieur du  Centre Gervais Autos. </p>



<p class="has-black-color has-text-color"></p>



<p class="has-vivid-red-color has-text-color"></p>



<h2 class="wp-block-heading" id="a-trois-rivieres">À Trois-Rivières</h2>



<p>Des entraînements seront organisés une fois par semaine à Trois-Rivières au parc Pie XXII cet été sous la supervision de Yvon Fiset maître entraineur les lundis à du 4 mai au 29 juin.<em> </em>Date à confirmer pour septembre.</p>



<p>Des Randonnées d&rsquo;hiver ont lieu tous les <strong>dimanches</strong> à <strong>9h30</strong> du 19 octobre au 19 avril 2026. Lieu de rencontre sur le stationnement du Pavillon des Humanités, à Trois-Rivières, pour des circuits de 3, 5, et 10km.</p>



<p>Toutes les personnes qui aiment courir avec un esprit de détente sont les bienvenues. Que vous soyez débutants ou expérimentés vous êtes invités à participer à ces randonnées.</p>



<p>Les randonnées sont effectuées en petits groupes permettant ainsi aux coureurs débutants, intermédiaires ou expérimentés de se regrouper avec des personnes ayant le même rythme qu&rsquo;eux.</p>



<p></p>



<p></p>



<p></p>



<p></p>

<div class="mh-excerpt">Consultez notre calendrier pour voir en détail les dates de nos entrainements et de nos activités. À Shawinigan Des entraînements sont organisés deux fois par <a class="mh-excerpt-more" href="https://www.milpat.ca/?page_id=16" title="Activités">[&#8230;]</a></div>
