{"id":916,"date":"2022-02-20T14:48:25","date_gmt":"2022-02-20T19:48:25","guid":{"rendered":"https:\/\/www.milpat.ca\/?page_id=916"},"modified":"2026-03-23T16:40:16","modified_gmt":"2026-03-23T20:40:16","slug":"parcours-virtuels","status":"publish","type":"page","link":"https:\/\/www.milpat.ca\/?page_id=916","title":{"rendered":"Parcours virtuels et Mardis Milpat le Y\u00e9ti"},"content":{"rendered":"\n<h1 class=\"wp-block-heading has-vivid-cyan-blue-color has-text-color\"><strong>Mardis Milpat le Y\u00e9ti<\/strong><\/h1>\n\n\n\n<ul class=\"wp-block-list\">\n<li><a href=\"https:\/\/drive.google.com\/file\/d\/1YKa8pwCmQA9QfeOxwL5lTzEHWWL_dY0H\/view?usp=sharing\">Les mardis Milpat le Y\u00e9ti courses virtuelles<\/a><\/li>\n<\/ul>\n\n\n\n<p><strong>Voici la liste de nos parcours virtuels pour la Coupe Milpat 2026. <\/strong><\/p>\n\n\n\n<p class=\"has-vivid-red-color has-text-color has-link-color has-medium-font-size wp-elements-401d97512c1e1cf8c83cb30e3db7db39\">*<em>Prendre note que la distance de nos parcours est approximative. La r\u00e9alisation des parcours doit \u00eatre faite en fonction du d\u00e9part et de l&rsquo;arriv\u00e9 du trajet et non en fonction de la distance <\/em>estim\u00e9e.<\/p>\n\n\n\n<h2 class=\"wp-block-heading\" style=\"font-size:16px\"><strong><mark style=\"background-color:rgba(0, 0, 0, 0)\" class=\"has-inline-color has-vivid-green-cyan-color\">**Nouveaut\u00e9:<\/mark><\/strong> Les fichiers .gpx des parcours Milpat, pour les montres compatibles, sont disponible <a href=\"https:\/\/drive.google.com\/drive\/folders\/1sVzWmXrb1ogxegUmZwEP_iqFDDopMPwN?usp=sharing\" data-type=\"link\" data-id=\"https:\/\/drive.google.com\/drive\/folders\/1sVzWmXrb1ogxegUmZwEP_iqFDDopMPwN?usp=sharing\" target=\"_blank\" rel=\"noreferrer noopener\"><strong>ici<\/strong><\/a>.<\/h2>\n\n\n\n<h1 class=\"wp-block-heading has-vivid-cyan-blue-color has-text-color\"><strong>Moins de 5km<\/strong><\/h1>\n\n\n\n<p class=\"has-medium-font-size\"><strong>\u00c0 Trois-Rivi\u00e8res<\/strong><\/p>\n\n\n\n<ul class=\"wp-block-list\">\n<li><a rel=\"noreferrer noopener\" href=\"https:\/\/www.milpat.ca\/wp-content\/uploads\/2022\/04\/La-course-de-amphitheatre-3KM.pdf\" data-type=\"URL\" data-id=\"https:\/\/www.milpat.ca\/wp-content\/uploads\/2022\/04\/La-course-de-amphitheatre-3KM.pdf\" target=\"_blank\">La course de l&rsquo;amphith\u00e9\u00e2tre (3km)<\/a><\/li>\n\n\n\n<li><a rel=\"noreferrer noopener\" href=\"https:\/\/www.milpat.ca\/wp-content\/uploads\/2022\/06\/Parc-Lambert-3KM.pdf\" data-type=\"URL\" data-id=\"https:\/\/www.milpat.ca\/wp-content\/uploads\/2022\/06\/Parc-Lambert-3KM.pdf\" target=\"_blank\">Parc Lambert (3km)<\/a><\/li>\n\n\n\n<li><a rel=\"noreferrer noopener\" href=\"https:\/\/www.milpat.ca\/wp-content\/uploads\/2022\/04\/La-course-en-sentier-a-Chateaudun.pdf\" data-type=\"URL\" data-id=\"https:\/\/www.milpat.ca\/wp-content\/uploads\/2022\/04\/La-course-en-sentier-a-Chateaudun.pdf\" target=\"_blank\">La course en sentier de Ch\u00e2teaudun (4,5km)<\/a><\/li>\n<\/ul>\n\n\n\n<p class=\"has-medium-font-size\"><strong>\u00c0 Shawinigan<\/strong><\/p>\n\n\n\n<ul class=\"wp-block-list\">\n<li><a href=\"https:\/\/www.milpat.ca\/wp-content\/uploads\/2023\/05\/Parc-de-la-riviere-Grand-mere_3KM.pdf\" target=\"_blank\" rel=\"noreferrer noopener\">Le Parc de la Rivi\u00e8re-Grand-M\u00e8re (3km)<\/a><\/li>\n\n\n\n<li><a href=\"https:\/\/www.milpat.ca\/wp-content\/uploads\/2024\/06\/Le-3KM-de-Shawi-sud_V2.pdf\">Le 3km de Shawi-sud<\/a><\/li>\n\n\n\n<li><a href=\"https:\/\/www.milpat.ca\/wp-content\/uploads\/2024\/06\/Parc-Lineaire-de-la-riviere-de-Shawinigan_3KM.pdf\" target=\"_blank\" rel=\"noreferrer noopener\">Le 3km du Parc lin\u00e9aire de la rivi\u00e8re Shawinigan<\/a><\/li>\n\n\n\n<li><a href=\"https:\/\/drive.google.com\/file\/d\/14L1uRZOq-mSWrSY0sG8DIoM-8UcW-qTF\/view?usp=drive_link\" target=\"_blank\" rel=\"noreferrer noopener\">Vall\u00e9e du parc (3km)<\/a> <mark style=\"background-color:rgba(0, 0, 0, 0)\" class=\"has-inline-color has-vivid-cyan-blue-color\"><em>(Nouveau Parcours)<\/em><\/mark><\/li>\n<\/ul>\n\n\n\n<p class=\"has-medium-font-size\"><strong>Ailleurs en Mauricie<\/strong><\/p>\n\n\n\n<ul class=\"wp-block-list\">\n<li><a href=\"https:\/\/www.milpat.ca\/wp-content\/uploads\/2022\/04\/Dun-bout-a-lautre-de-Nicolet_3KM.pdf\" data-type=\"URL\" data-id=\"https:\/\/www.milpat.ca\/wp-content\/uploads\/2022\/04\/Dun-bout-a-lautre-de-Nicolet_3KM.pdf\" target=\"_blank\" rel=\"noreferrer noopener\">D&rsquo;un bout \u00e0 l&rsquo;autre de Nicolet (3km)<\/a><\/li>\n\n\n\n<li><a href=\"https:\/\/www.milpat.ca\/wp-content\/uploads\/2023\/06\/Le-3KM-de-La-Tuque.pdf\" target=\"_blank\" rel=\"noreferrer noopener\">Le 3km de La Tuque<\/a><\/li>\n<\/ul>\n\n\n\n<p><\/p>\n\n\n\n<h1 class=\"wp-block-heading has-vivid-cyan-blue-color has-text-color\"><strong>5km \u00e0 9,9km<\/strong><\/h1>\n\n\n\n<p class=\"has-medium-font-size\"><strong>\u00c0 Trois-Rivi\u00e8res<\/strong><\/p>\n\n\n\n<ul class=\"wp-block-list\">\n<li><a href=\"https:\/\/www.milpat.ca\/wp-content\/uploads\/2023\/04\/Parc-Lambert-5KM_v2.pdf\" target=\"_blank\" rel=\"noreferrer noopener\">Parc Lambert (5km)<\/a><\/li>\n\n\n\n<li><a rel=\"noreferrer noopener\" href=\"https:\/\/www.milpat.ca\/wp-content\/uploads\/2022\/04\/Le-10KM-Trifluvien-5KM-et-10KM.pdf\" data-type=\"URL\" data-id=\"https:\/\/www.milpat.ca\/wp-content\/uploads\/2022\/04\/Le-10KM-Trifluvien-5KM-et-10KM.pdf\" target=\"_blank\">Le 10km trifluvien (5km)<\/a><\/li>\n\n\n\n<li><a rel=\"noreferrer noopener\" href=\"https:\/\/www.milpat.ca\/wp-content\/uploads\/2022\/04\/La-course-de-amphitheatre-5KM-et-10KM.pdf\" data-type=\"URL\" data-id=\"https:\/\/www.milpat.ca\/wp-content\/uploads\/2022\/04\/La-course-de-amphitheatre-5KM-et-10KM.pdf\" target=\"_blank\">La course de l&rsquo;amphith\u00e9\u00e2tre (5km)<\/a><\/li>\n\n\n\n<li><a href=\"https:\/\/www.milpat.ca\/wp-content\/uploads\/2023\/05\/Parc-lineaire-des-Coteaux_5.5KM.pdf\" target=\"_blank\" rel=\"noreferrer noopener\">Le Parc lin\u00e9aire des Coteaux (5,5km)<\/a><\/li>\n\n\n\n<li><a href=\"https:\/\/www.milpat.ca\/wp-content\/uploads\/2022\/04\/La-course-en-sentier-a-Chateaudun.pdf\" data-type=\"URL\" data-id=\"https:\/\/www.milpat.ca\/wp-content\/uploads\/2022\/04\/La-course-en-sentier-a-Chateaudun.pdf\" target=\"_blank\" rel=\"noreferrer noopener\">La course en sentier de Ch\u00e2teaudun (9km)<\/a><\/li>\n<\/ul>\n\n\n\n<p class=\"has-medium-font-size\"><strong>\u00c0 Shawinigan<\/strong><\/p>\n\n\n\n<ul class=\"wp-block-list\">\n<li><a href=\"https:\/\/www.milpat.ca\/wp-content\/uploads\/2022\/06\/Aux-limites-de-Sainte-Flore_5KM.pdf\" data-type=\"URL\" data-id=\"https:\/\/www.milpat.ca\/wp-content\/uploads\/2022\/06\/Aux-limites-de-Sainte-Flore_5KM.pdf\" target=\"_blank\" rel=\"noreferrer noopener\">Aux limites de Sainte-Flore (5km)<\/a><\/li>\n\n\n\n<li><a href=\"https:\/\/www.milpat.ca\/wp-content\/uploads\/2024\/05\/Le-5KM-de-Shawi-sud_v2.pdf\">Le 5km de Shawi-sud<\/a><\/li>\n\n\n\n<li><a href=\"https:\/\/drive.google.com\/file\/d\/1YtU5VXyQY0jpseTiW8nxGuC7Xg2HYOfw\/view?usp=sharing\" target=\"_blank\" rel=\"noreferrer noopener\">Le Parc de la rivi\u00e8re-Grand-M\u00e8re (5km)<\/a><\/li>\n\n\n\n<li><a href=\"https:\/\/www.milpat.ca\/wp-content\/uploads\/2024\/05\/Parc-du-Centenaire-5.3KM.pdf\">Le 5,3km du Parc du Centenaire-de-Shawinigan<\/a><\/li>\n\n\n\n<li><a href=\"https:\/\/www.milpat.ca\/wp-content\/uploads\/2023\/04\/Le-tour-du-centre-ville-de-Shawi-7km.pdf\" target=\"_blank\" rel=\"noreferrer noopener\">Le tour du centre-ville de Shawi (7km)<\/a><\/li>\n\n\n\n<li><a href=\"https:\/\/drive.google.com\/file\/d\/1ntcD9JUgAOwkgqkHQ56TZ0wGj42INdJW\/view?usp=drive_link\" target=\"_blank\" rel=\"noreferrer noopener\">Vall\u00e9e du parc (7km)<\/a> <mark style=\"background-color:rgba(0, 0, 0, 0)\" class=\"has-inline-color has-vivid-cyan-blue-color\"><em>(Nouveau Parcours)<\/em><\/mark><\/li>\n<\/ul>\n\n\n\n<p class=\"has-medium-font-size\"><strong>Ailleurs en Mauricie<\/strong><\/p>\n\n\n\n<ul class=\"wp-block-list\">\n<li><a href=\"https:\/\/www.milpat.ca\/wp-content\/uploads\/2023\/06\/Le-5KM-de-La-Tuque.pdf\" target=\"_blank\" rel=\"noreferrer noopener\">Le 5km de La Tuque<\/a><\/li>\n\n\n\n<li><a href=\"https:\/\/www.milpat.ca\/wp-content\/uploads\/2024\/06\/Le-5KM-de-Saint-Tite_V2.pdf\">Le 5km de St-Tite<\/a><\/li>\n\n\n\n<li><a href=\"https:\/\/www.milpat.ca\/wp-content\/uploads\/2022\/04\/Dun-bout-a-lautre-de-Nicolet_6KM.pdf\" data-type=\"URL\" data-id=\"https:\/\/www.milpat.ca\/wp-content\/uploads\/2022\/04\/Dun-bout-a-lautre-de-Nicolet_6KM.pdf\" target=\"_blank\" rel=\"noreferrer noopener\">D&rsquo;un bout \u00e0 l&rsquo;autre de Nicolet (6km)<\/a><\/li>\n\n\n\n<li><a href=\"https:\/\/www.milpat.ca\/wp-content\/uploads\/2024\/05\/Le-61KM-de-Becancour.pdf\" target=\"_blank\" rel=\"noreferrer noopener\">Le 6,1km de B\u00e9cancour<\/a><\/li>\n\n\n\n<li><a href=\"https:\/\/www.milpat.ca\/wp-content\/uploads\/2022\/04\/Dun-bout-a-lautre-de-Nicolet_9KM.pdf\" data-type=\"URL\" data-id=\"https:\/\/www.milpat.ca\/wp-content\/uploads\/2022\/04\/Dun-bout-a-lautre-de-Nicolet_9KM.pdf\" target=\"_blank\" rel=\"noreferrer noopener\">D&rsquo;un bout \u00e0 l&rsquo;autre de Nicolet (9km)<\/a><\/li>\n<\/ul>\n\n\n\n<p><\/p>\n\n\n\n<h1 class=\"wp-block-heading has-vivid-cyan-blue-color has-text-color\"><strong>10km \u00e0 19,9km<\/strong><\/h1>\n\n\n\n<p class=\"has-medium-font-size\"><strong>\u00c0 Trois-Rivi\u00e8res<\/strong><\/p>\n\n\n\n<ul class=\"wp-block-list\">\n<li><a rel=\"noreferrer noopener\" href=\"https:\/\/www.milpat.ca\/wp-content\/uploads\/2022\/04\/La-course-de-amphitheatre-5KM-et-10KM.pdf\" target=\"_blank\">La course de l&rsquo;amphith\u00e9\u00e2tre (10km)<\/a><\/li>\n\n\n\n<li><a rel=\"noreferrer noopener\" href=\"https:\/\/www.milpat.ca\/wp-content\/uploads\/2022\/04\/Le-10KM-Trifluvien-5KM-et-10KM.pdf\" data-type=\"URL\" data-id=\"https:\/\/www.milpat.ca\/wp-content\/uploads\/2022\/04\/Le-10KM-Trifluvien-5KM-et-10KM.pdf\" target=\"_blank\">Le 10km trifluvien (10km)<\/a><\/li>\n\n\n\n<li><a href=\"https:\/\/www.milpat.ca\/wp-content\/uploads\/2023\/05\/La-course-des-Vielles-Forges-a-Saint-Etienne_v2.pdf\" target=\"_blank\" rel=\"noreferrer noopener\">La course des Vieilles Forges \u00e0 Saint-\u00c9tienne (11,1km)<\/a><\/li>\n<\/ul>\n\n\n\n<p class=\"has-medium-font-size\"><strong>\u00c0 Shawinigan<\/strong><\/p>\n\n\n\n<ul class=\"wp-block-list\">\n<li><a href=\"https:\/\/www.milpat.ca\/wp-content\/uploads\/2022\/06\/La-boucle-de-Sainte-Flore-a-grand-Mere_10KM.pdf\" target=\"_blank\" rel=\"noreferrer noopener\">La boucle de Sainte-Flore \u00e0 Grand-M\u00e8re (10km)<\/a><\/li>\n\n\n\n<li><a href=\"https:\/\/drive.google.com\/file\/d\/1357OtaYUMZ6IX4erNtX2mMMQ1p4jZF0H\/view?usp=sharing\" target=\"_blank\" rel=\"noreferrer noopener\">Le 10km du coll\u00e8ge de Shawinigan<\/a><\/li>\n\n\n\n<li><a href=\"https:\/\/www.milpat.ca\/wp-content\/uploads\/2022\/04\/Le-demi-du-Lac-a-la-Tortue.pdf\" data-type=\"URL\" data-id=\"https:\/\/www.milpat.ca\/wp-content\/uploads\/2022\/04\/Le-demi-du-Lac-a-la-Tortue.pdf\" target=\"_blank\" rel=\"noreferrer noopener\">Le demi-Marathon du Lac-\u00e0-la-Tortue (10,8km)<\/a><\/li>\n\n\n\n<li><a href=\"https:\/\/drive.google.com\/file\/d\/1fJpk_a9EvsEyqU8sva7BSfCh51v7WdZm\/view?usp=drive_link\" target=\"_blank\" rel=\"noreferrer noopener\">Le Downtown &amp; Suicide Trail \u2013 Shawinigan (15km)<\/a> <mark style=\"background-color:rgba(0, 0, 0, 0)\" class=\"has-inline-color has-vivid-cyan-blue-color\"><em>(Nouveau Parcours *Difficile*)<\/em><\/mark><\/li>\n\n\n\n<li><a href=\"https:\/\/drive.google.com\/file\/d\/1_gfe-dAopESGA3IvPbMh81NJ3XOURpvx\/view?usp=drive_link\" target=\"_blank\" rel=\"noreferrer noopener\">Vall\u00e9e du parc (16,25km)<\/a> <mark style=\"background-color:rgba(0, 0, 0, 0)\" class=\"has-inline-color has-vivid-cyan-blue-color\"><em>(Nouveau Parcours)<\/em><\/mark><\/li>\n<\/ul>\n\n\n\n<p class=\"has-medium-font-size\"><strong>Ailleurs en Mauricie<\/strong><\/p>\n\n\n\n<ul class=\"wp-block-list\">\n<li><a href=\"https:\/\/drive.google.com\/file\/d\/1jA21WCbshz7lSP_GDw593pjhncbK1WOi\/view?usp=drive_link\">La boucle Saint-Louis-de-France (10km)<\/a> <em><mark style=\"background-color:rgba(0, 0, 0, 0)\" class=\"has-inline-color has-vivid-cyan-blue-color\">(Nouveau parcours)<\/mark><\/em><\/li>\n\n\n\n<li><a href=\"https:\/\/www.milpat.ca\/wp-content\/uploads\/2023\/06\/Le-10KM-de-La-Tuque.pdf\" target=\"_blank\" rel=\"noreferrer noopener\">Le 10km de La Tuque<\/a><\/li>\n\n\n\n<li><a href=\"https:\/\/www.milpat.ca\/wp-content\/uploads\/2022\/04\/Le-Challenge-Mont-Carmel-\u2013-St-Louis-de-France.pdf\" data-type=\"URL\" data-id=\"https:\/\/www.milpat.ca\/wp-content\/uploads\/2022\/04\/Le-Challenge-Mont-Carmel-\u2013-St-Louis-de-France.pdf\" target=\"_blank\" rel=\"noreferrer noopener\">Le challenge Mont-Carmel \u00e0 St-Louis-de-France (10,55km)<\/a><\/li>\n\n\n\n<li><a href=\"https:\/\/www.milpat.ca\/wp-content\/uploads\/2022\/04\/Le-12KM-de-St-Bo.pdf\" data-type=\"URL\" data-id=\"https:\/\/www.milpat.ca\/wp-content\/uploads\/2022\/04\/Le-12KM-de-St-Bo.pdf\" target=\"_blank\" rel=\"noreferrer noopener\">Le 12km de St-Bo<\/a><\/li>\n<\/ul>\n\n\n\n<p><\/p>\n\n\n\n<h1 class=\"wp-block-heading has-vivid-cyan-blue-color has-text-color\"><strong>20km et plus<\/strong><\/h1>\n\n\n\n<p class=\"has-medium-font-size\"><strong>\u00c0 Trois-Rivi\u00e8res<\/strong><\/p>\n\n\n\n<ul class=\"wp-block-list\">\n<li><a rel=\"noreferrer noopener\" href=\"https:\/\/www.milpat.ca\/wp-content\/uploads\/2022\/04\/La-traversee-vers-lOuest.pdf\" data-type=\"URL\" data-id=\"https:\/\/www.milpat.ca\/wp-content\/uploads\/2022\/04\/La-traversee-vers-lOuest.pdf\" target=\"_blank\">La travers\u00e9e vers l&rsquo;Ouest (20,5km)<\/a><\/li>\n\n\n\n<li><a href=\"https:\/\/www.milpat.ca\/wp-content\/uploads\/2023\/05\/La-course-des-Vielles-Forges-a-Saint-Etienne_v2.pdf\" target=\"_blank\" rel=\"noreferrer noopener\">La course des vieilles Forges \u00e0 Saint-\u00c9tienne (22,2km)<\/a><\/li>\n<\/ul>\n\n\n\n<p class=\"has-medium-font-size\"><strong>\u00c0 Shawinigan<\/strong><\/p>\n\n\n\n<ul class=\"wp-block-list\">\n<li><a href=\"https:\/\/www.milpat.ca\/wp-content\/uploads\/2022\/08\/Le-Demi-Marathon-de-Shawinigan.pdf\" data-type=\"URL\" data-id=\"https:\/\/www.milpat.ca\/wp-content\/uploads\/2022\/08\/Le-Demi-Marathon-de-Shawinigan.pdf\" target=\"_blank\" rel=\"noreferrer noopener\">Le demi-Marathon de Shawinigan (21,1km)<\/a><\/li>\n\n\n\n<li><a rel=\"noreferrer noopener\" href=\"https:\/\/www.milpat.ca\/wp-content\/uploads\/2022\/04\/Le-demi-du-Lac-a-la-Tortue.pdf\" data-type=\"URL\" data-id=\"https:\/\/www.milpat.ca\/wp-content\/uploads\/2022\/04\/Le-demi-du-Lac-a-la-Tortue.pdf\" target=\"_blank\">Le demi-Marathon du Lac-\u00e0-la-Tortue (21,6km)<\/a><\/li>\n<\/ul>\n\n\n\n<p class=\"has-medium-font-size\"><strong>Ailleurs en Mauricie<\/strong><\/p>\n\n\n\n<ul class=\"wp-block-list\">\n<li><a rel=\"noreferrer noopener\" href=\"https:\/\/www.milpat.ca\/wp-content\/uploads\/2022\/04\/Le-Challenge-Mont-Carmel-\u2013-St-Louis-de-France.pdf\" data-type=\"URL\" data-id=\"https:\/\/www.milpat.ca\/wp-content\/uploads\/2022\/04\/Le-Challenge-Mont-Carmel-\u2013-St-Louis-de-France.pdf\" target=\"_blank\">Le challenge Mont-Carmel \u00e0 St-Louis-de-France (21,1km)<\/a><\/li>\n<\/ul>\n\n\n\n<p><\/p>\n\n\n\n<p class=\"has-white-color has-vivid-cyan-blue-background-color has-text-color has-background\">N&rsquo;h\u00e9sitez pas \u00e0 lancer des invitations par notre page <a rel=\"noreferrer noopener\" href=\"https:\/\/www.facebook.com\/groups\/Milpat\" data-type=\"URL\" data-id=\"https:\/\/www.facebook.com\/groups\/Milpat\" target=\"_blank\">Facebook<\/a> afin de les r\u00e9aliser en groupe!<\/p>\n","protected":false},"excerpt":{"rendered":"<div class=\"mh-excerpt\">Mardis Milpat le Y\u00e9ti Voici la liste de nos parcours virtuels pour la Coupe Milpat 2026. *Prendre note que la distance de nos parcours est <a class=\"mh-excerpt-more\" href=\"https:\/\/www.milpat.ca\/?page_id=916\" title=\"Parcours virtuels et Mardis Milpat le Y\u00e9ti\">[&#8230;]<\/a><\/div>\n","protected":false},"author":10,"featured_media":0,"parent":0,"menu_order":0,"comment_status":"closed","ping_status":"closed","template":"template-full.php","meta":{"pagelayer_contact_templates":[],"_pagelayer_content":"","pmpro_default_level":"","footnotes":""},"class_list":["post-916","page","type-page","status-publish","hentry","pmpro-has-access"],"_links":{"self":[{"href":"https:\/\/www.milpat.ca\/index.php?rest_route=\/wp\/v2\/pages\/916","targetHints":{"allow":["GET"]}}],"collection":[{"href":"https:\/\/www.milpat.ca\/index.php?rest_route=\/wp\/v2\/pages"}],"about":[{"href":"https:\/\/www.milpat.ca\/index.php?rest_route=\/wp\/v2\/types\/page"}],"author":[{"embeddable":true,"href":"https:\/\/www.milpat.ca\/index.php?rest_route=\/wp\/v2\/users\/10"}],"replies":[{"embeddable":true,"href":"https:\/\/www.milpat.ca\/index.php?rest_route=%2Fwp%2Fv2%2Fcomments&post=916"}],"version-history":[{"count":30,"href":"https:\/\/www.milpat.ca\/index.php?rest_route=\/wp\/v2\/pages\/916\/revisions"}],"predecessor-version":[{"id":8253,"href":"https:\/\/www.milpat.ca\/index.php?rest_route=\/wp\/v2\/pages\/916\/revisions\/8253"}],"wp:attachment":[{"href":"https:\/\/www.milpat.ca\/index.php?rest_route=%2Fwp%2Fv2%2Fmedia&parent=916"}],"curies":[{"name":"wp","href":"https:\/\/api.w.org\/{rel}","templated":true}]}}